2 - 6*i - 3. List the prime factors of s(p).
2
Let i be (-54)/(-10) + 4/(-10). Suppose i*a = 114 + 81. What are the prime factors of a?
3, 13
Suppose p - 1 = 4, 3*d = -4*p + 35. Suppose -o = -1, -3*l - d*o + 10 = -2*l. List the prime factors of l.
5
Let u = 6 - 7. Suppose 2*d - 4 = 4*b - 7*b, 2*d + 12 = 5*b. Let p = b - u. List the prime factors of p.
3
Let c(i) = 4*i**3 + 1. Let a be c(1). Suppose -9 = -3*y - 2*k, a = y - 3*y - 5*k. Suppose 2*w - y*w = -15. List the prime factors of w.
5
Let o(c) be the first derivative of c**3/3 - c**2 - 3*c + 1. Suppose 25 = -s + 5*s + l, -4*l = -4*s. What are the prime factors of o(s)?
2, 3
Let u = -13 + 15. Suppose -98 = -4*o - u*f, -3*f = -1 - 2. What are the prime factors of o?
2, 3
Suppose -2*f - 28 - 26 = 0. What are the prime factors of f/2*16/(-12)?
2, 3
Suppose 2*o + 345 = 5*o. What are the prime factors of o?
5, 23
Suppose 0 = 2*k - 3*k. Suppose -5*r + 0 - 7 = v, k = 2*v + 2*r - 10. What are the prime factors of v?
2
Let g = 16 - -1. List the prime factors of g.
17
Suppose 0 = 3*f + f - 136. Let z = -9 - 12. Let g = f + z. List the prime factors of g.
13
Suppose 0 = x - 1 - 1. Suppose x*h + 5*o + 16 = 0, -2*o + 3*o = -2*h. Let m(y) = 3*y - 1. List the prime factors of m(h).
5
Let i be 8/(-6)*3/(-2). Suppose -4*r + 92 = 2*j + 2*j, -4*r = -i*j - 80. Suppose r = 2*o + o. List the prime factors of o.
7
Let g be (0/2)/(-1 + 2). Suppose 4*i - 5 = l, -2*l + g*i + i = -4. Suppose 0*y = -l*y + 9. List the prime factors of y.
3
Let i = -11 - -16. Suppose 69 = -i*w + 494. Suppose -w = -6*a + a. What are the prime factors of a?
17
Let m = 13 - 20. Let z(b) = -b - 5. Let r be z(m). Suppose -r*f = -10, 3*a - 13 = -f - 2. List the prime factors of a.
2
Let x = -106 - -151. What are the prime factors of x?
3, 5
Let h(q) be the third derivative of -q**4/24 + 2*q**3/3 - 2*q**2. Let u be h(4). Suppose u = -7*a + 4*a + 2*k + 14, -k = -3*a + 16. List the prime factors of a.
2, 3
Suppose j = -3*j - 12. Let p = -6 + j. Let y = 1 - p. List the prime factors of y.
2, 5
Suppose -3*d + o + 70 + 60 = 0, 0 = 4*o - 20. Suppose -4*m = -m - d. What are the prime factors of m?
3, 5
Let i = 10 - 14. Let h = 20 + i. What are the prime factors of h?
2
Suppose 2*v - 5*r = 17, 3 = -5*v + 3*r - 2. Let y(t) = 2*t**2 + 3*t - 3. Let g be y(-3). What are the prime factors of (2 - v/(-2)) + g?
2, 3
Let a(w) be the second derivative of -w**5/20 - 3*w**4/4 - 3*w**3/2 + 5*w**2/2 - 5*w. Suppose -5*o - 16 = 24. List the prime factors of a(o).
13
Suppose 0*v + 180 = 5*v. List the prime factors of v.
2, 3
Let k(o) = o**3 + 4*o**2 - 5*o - 5. Let x(h) = -h**2. Let d be (-1)/(-2) - 9/(-6). Let v be x(d). What are the prime factors of k(v)?
3, 5
Let p = 45 + 7. What are the prime factors of p?
2, 13
Suppose -4*s = -s - 117. Suppose -3*w + s = -9. What are the prime factors of w?
2
Suppose 5*d + 11 = 2*p, d + 1 = p + 3*d. Suppose 3*t - 84 = -p. List the prime factors of t.
3
Let m(z) = -9*z + 1. Let h be m(-1). Suppose 3*j + 3 - 6 = -3*f, 5*j - 5*f = 15. Suppose 0*u + h = j*u. List the prime factors of u.
5
Let y = 12 + -10. Suppose -x + 120 = y*x. What are the prime factors of x?
2, 5
Suppose -h = -3*y - 128, -2*y + 103 = h - 5. What are the prime factors of h?
2, 29
List the prime factors of (42/5)/((-3)/(-15)).
2, 3, 7
Let w be 4*-1 - (-1 - 1). Let i = 9 - w. List the prime factors of i.
11
Suppose -165 = -4*k + k. What are the prime factors of k?
5, 11
Suppose 0 = -4*u + 20, m + 2*u + 1 = 18. List the prime factors of m.
7
Let b(c) = 113*c**3 - c**2 + c - 1. List the prime factors of b(1).
2, 7
Let m(n) be the third derivative of -n**4/6 + 3*n**3/2 + 3*n**2. Let q be m(8). Let h = 34 + q. What are the prime factors of h?
11
Let b be (-8)/(-12) - (-2)/6. Let c be b/2 + (-1)/2. Suppose c = 5*t - 70 + 5. List the prime factors of t.
13
Suppose 4*z = -4*w + 12, 2*z + 4*w + 4 - 10 = 0. List the prime factors of (-2)/z + 94/6.
3, 5
Let x = -46 - -65. Let c = -2 + x. What are the prime factors of c?
17
Let d be (-4)/((-12)/93) + 3. Let w = 47 - d. List the prime factors of w.
13
Suppose t = 2*t - 4*l + 15, -l + 1 = 0. Let a(n) = 14 - 2*n + 0*n + 3*n. What are the prime factors of a(t)?
3
Suppose -104 = -8*u + 4*u. List the prime factors of u.
2, 13
Suppose 7 + 8 = 3*c. Let f be 2/10 - 1/c. Suppose -4*h + 31 + 21 = f. What are the prime factors of h?
13
Suppose 4*i + 4 = 0, 0 = 3*p - 2*i - 2*i - 13. Suppose 4*n + r = 53, p*n - 11 = 5*r - 0*r. List the prime factors of n.
2, 3
Let b be (-2*6)/(3 + -5). Let y = b - -11. List the prime factors of y.
17
Suppose -1 = v - h + 4*h, 5*h = -25. What are the prime factors of v?
2, 7
Suppose 0*t + 3*t - 26 = 5*z, 14 = -5*z - 3*t. Let h(w) = -w**3 - 4*w**2 - 4. Let q be h(z). Let i = q + 15. List the prime factors of i.
11
Suppose 15 = -3*f + 6*f. Suppose c + 0 = f. List the prime factors of c.
5
Let c(u) = 79*u - 1. What are the prime factors of c(2)?
157
Suppose 13*k - 17*k = -208. List the prime factors of k.
2, 13
Let q(l) = -l**3 + 5*l**2 - 2*l + 2. Let g be q(2). Let m be (2 - 6/4)*g. Suppose 0 = m*f - 52 + 12. What are the prime factors of f?
2
Let b = 33 - 12. Suppose 4*d - 2*i - 114 = 0, -d + b = 2*i - 5. What are the prime factors of d?
2, 7
Let n(s) = 3*s**2 + 5*s + 4. Let j = -18 + 13. What are the prime factors of n(j)?
2, 3
Suppose 0 = -3*j - 4*d, -j + d = 5*d. Suppose j = -4*s + u + 7, 2*s + 3*u - 8 = -u. List the prime factors of s.
2
Let w(q) = q. Suppose 0*g = 5*g - 15. Let f be w(g). Suppose -f*m + 30 = -0*m. What are the prime factors of m?
2, 5
Suppose -3*v = -0*j - 2*j - 39, 4*j = -3*v + 57. Let o = v + -1. Let x = -9 + o. List the prime factors of x.
5
What are the prime factors of -1 + 4 + -1 + 27?
29
Let i be -2 + 39 + (-2 - -1). Let k = i + -22. What are the prime factors of k?
2, 7
Suppose -3*f - 2*f + 25 = 0. Suppose x - 4*j - 14 = 0, 0*x - 4 = x + f*j. Suppose 2*z - x = 3*u - 0, 10 = 3*z - 4*u. What are the prime factors of z?
2, 3
Let h be (-74)/(-4) + 12/8. Suppose -r = -12 - h. What are the prime factors of r?
2
Let m be (5 - (-3 + 2)) + 1. Let h(c) = -m*c - 3*c - 2*c. What are the prime factors of h(-1)?
2, 3
Suppose 1 = -k + 5, 5*z = -2*k + 18. Suppose z = 3*l - 4. List the prime factors of l.
2
Let z(o) = -3*o + 3. Let t be z(8). List the prime factors of (-3)/1*t/9.
7
Let g(m) = 2*m**2 - m. Let x be g(-1). Suppose 0 = u + 4 + x. Let y = u + 16. What are the prime factors of y?
3
Let x be (-4)/14 - (-176)/28. Suppose -4*u + x = -2*u. Suppose 5*m = u*d + 19, 4*m + d = -0*d + 5. List the prime factors of m.
2
Let r = -193 + 336. List the prime factors of r.
11, 13
Suppose 0 = 3*k + k. Suppose -4*o + 49 + 19 = k. List the prime factors of o.
17
Let w(m) = 3*m**3 + m**2 - m + 1. Let g be w(1). Let q = -1 + 5. Suppose -a + g*v + 0*v = -q, 0 = -3*a + 3*v + 30. List the prime factors of a.
2, 3
Suppose -5*t + 2*m = 285, 171 = -t - 2*t - 5*m. Let v = -31 - t. List the prime factors of v.
2, 13
Let l(f) = f**2 + f + 1. Let t be l(-2). Suppose -22 = -5*p + t*p. What are the prime factors of p?
11
Let b be (-2)/9 - 7637/(-63). Suppose -5*s + 0*s = 4*p - b, 2*s + 142 = 4*p. What are the prime factors of p?
2, 17
Let f(y) = 3*y + 6. Let m(x) = x + 3. Let a(j) = -3*f(j) + 7*m(j). List the prime factors of a(-4).
11
Let w be 13 - ((-6)/(-3) - 1). Let n = 20 - w. What are the prime factors of n?
2
Let k(d) = -6*d. Let u be k(-1). What are the prime factors of u/4*4/2?
3
Let w = -10 + 15. Let f(a) = a - 1. What are the prime factors of f(w)?
2
Let c be 6/(-9)*-1*3. Suppose -c*m + 27 = -1. Suppose -h + m = -5. What are the prime factors of h?
19
Let z(o) = 2*o**3 + 4*o**2 - 2*o - 1. List the prime factors of z(2).
3
Let x = -8 + 11. Suppose 40 = x*u + 7. List the prime factors of u.
11
Let w(m) = m**3 + 9*m**2 - 9*m + 11. Let u be w(-10). List the prime factors of -3 - (-39)/u - 2.
2, 17
Let u be -4*((-3)/(-6) + -1). Suppose -u*t + 17 = -63. Suppose -5*i + i = -t. What are the prime factors of i?
2, 5
Let c(k) = k**2 - 2*k - 4. Let l = 10 + -5. Suppose 0*a - l*a = -3*s + 27, -3*a = -4*s + 25. List the prime factors of c(s).
2
Suppose n + 2*n + 48 = 0. Let z = 23 + n. What are the prime factors of z?
7
Let a = 0 + 0. Suppose -k + 36 = -5*k. List the prime factors of -1*(k - (0 - a)).
3
Let l(j) = 